{"id":3661,"date":"2019-04-09T12:34:32","date_gmt":"2019-04-09T12:34:32","guid":{"rendered":"https:\/\/mastor.cl\/blog\/?page_id=3661"},"modified":"2019-04-09T12:34:32","modified_gmt":"2019-04-09T12:34:32","slug":"que-es-ser-nina-o","status":"publish","type":"page","link":"https:\/\/mastor.cl\/2021\/que-es-ser-nina-o\/","title":{"rendered":"Qu\u00e9 es ser ni\u00f1a\/o"},"content":{"rendered":"\n<p>Los siguientes recursos se encuentran aqu\u00ed agrupados para pensar esta pregunta, disponibles con fines sociales y acad\u00e9micos no comerciales.<\/p>\n\n\n\n<figure class=\"wp-block-embed-youtube wp-block-embed is-type-video is-provider-youtube wp-embed-aspect-16-9 wp-has-aspect-ratio\"><div class=\"wp-block-embed__wrapper\">\nhttps:\/\/youtu.be\/rLzkypuYmis\n<\/div><\/figure>\n\n\n\n<p>Reflexionar en forma cr\u00edtica las bases epistemol\u00f3gicas y conceptuales que conforman las teor\u00edas sobre el llamado \u00abdesarrollo\u00bb humano implica escuchar diversas contribuciones. Nos parece que las que aqu\u00ed referimos han sido sumamente valiosas.<\/p>\n\n\n\n<div class=\"wp-block-file\"><a href=\"https:\/\/mastor.cl\/2021\/wp-content\/uploads\/2019\/04\/SerNinoyNina.pdf\">Chavez y Vergara. Ser Ni\u00f1o y Ni\u00f1a en el Chile de hoy. La perspectiva de sus protagonistas acerca de la infancia, la adultez y las relaciones entre padres e hijos.<\/a><a href=\"https:\/\/mastor.cl\/2021\/wp-content\/uploads\/2019\/04\/SerNinoyNina.pdf\" class=\"wp-block-file__button\" download>Descargar<\/a><\/div>\n\n\n\n<p><a href=\"https:\/\/mega.nz\/#!3J8ghYqS!VMyAxg4BGP0q5o5Q4CF142yUrJIaj8W6yLjXlISw0uM\">Luterau Luciano. El idioma de los ni\u00f1os.<\/a><\/p>\n\n\n\n<div class=\"wp-block-file\"><a href=\"https:\/\/mastor.cl\/2021\/wp-content\/uploads\/2019\/09\/Scheines.-Juegos-inocentes-juegos-terribles.pdf\">Scheines. Juegos inocentes, juegos terribles<\/a><a href=\"https:\/\/mastor.cl\/2021\/wp-content\/uploads\/2019\/09\/Scheines.-Juegos-inocentes-juegos-terribles.pdf\" class=\"wp-block-file__button\" download>Descargar<\/a><\/div>\n\n\n\n<p><\/p>\n\n\n\n<div class=\"wp-block-file\"><a href=\"https:\/\/mastor.cl\/blog\/wp-content\/uploads\/2019\/04\/Matus-Rojas-Guerrero-Herraz-Chanyal-2018.-Diferencia-y-normalidad.-produccio?n-etnogra?fica-e-intervencio?n-en-escuelas.pdf\">Matus, Rojas, Guerrero, Herraz, Chanyal (2018). Diferencia y normalidad. produccion etnografica e intervencion en escuelas<\/a><a href=\"https:\/\/mastor.cl\/blog\/wp-content\/uploads\/2019\/04\/Matus-Rojas-Guerrero-Herraz-Chanyal-2018.-Diferencia-y-normalidad.-produccio?n-etnogra?fica-e-intervencio?n-en-escuelas.pdf\" class=\"wp-block-file__button\" download>Descargar<\/a><\/div>\n\n\n\n<div class=\"wp-block-file\"><a href=\"https:\/\/mastor.cl\/2021\/wp-content\/uploads\/2019\/04\/Nasio-David-2013.-Como-actuar-con-un-Adolescente-dificil-consejos-para-Padres-y-Profesionales.pdf\">Nasio, David  (2013). Como actuar con un Adolescente dificil consejos para Padres y Profesionales<\/a><a href=\"https:\/\/mastor.cl\/2021\/wp-content\/uploads\/2019\/04\/Nasio-David-2013.-Como-actuar-con-un-Adolescente-dificil-consejos-para-Padres-y-Profesionales.pdf\" class=\"wp-block-file__button\" download>Descargar<\/a><\/div>\n\n\n\n<div class=\"wp-block-file\"><a href=\"https:\/\/mastor.cl\/2021\/wp-content\/uploads\/2019\/04\/Bourdieu-P.-La-juventud-no-es-mas-que-una-palabra.-1978.-pdf.pdf\">Bourdieu P. La juventud no es mas que una palabra. 1978. pdf<\/a><a href=\"https:\/\/mastor.cl\/2021\/wp-content\/uploads\/2019\/04\/Bourdieu-P.-La-juventud-no-es-mas-que-una-palabra.-1978.-pdf.pdf\" class=\"wp-block-file__button\" download>Descargar<\/a><\/div>\n\n\n\n<p><\/p>\n\n\n\n<div class=\"wp-block-file\"><a href=\"https:\/\/mastor.cl\/blog\/wp-content\/uploads\/2019\/04\/Alliaud-A.-Antello-E.-2011.-Los-gajes-del-oficio-ensen?anza-pedagogi?a-y-formacio?n.pdf\">Alliaud, A. , Antello, E. (2011). Los gajes del oficio &#8211; ense\u00f1anza, pedagogia y formacion<\/a><a href=\"https:\/\/mastor.cl\/blog\/wp-content\/uploads\/2019\/04\/Alliaud-A.-Antello-E.-2011.-Los-gajes-del-oficio-ensen?anza-pedagogi?a-y-formacio?n.pdf\" class=\"wp-block-file__button\" download>Descargar<\/a><\/div>\n\n\n\n<div class=\"wp-block-file\"><a href=\"https:\/\/mastor.cl\/2021\/wp-content\/uploads\/2019\/04\/Noemi_Allidiere_El_vinculo_profesor_alum.pdf\">Noemi_Allidiere_El_vinculo_profesor_alum<\/a><a href=\"https:\/\/mastor.cl\/2021\/wp-content\/uploads\/2019\/04\/Noemi_Allidiere_El_vinculo_profesor_alum.pdf\" class=\"wp-block-file__button\" download>Descargar<\/a><\/div>\n\n\n\n<div class=\"wp-block-file\"><a href=\"https:\/\/mastor.cl\/blog\/wp-content\/uploads\/2019\/04\/Agamben-Giorgio-1977-Infancia-E-Historia.-Ensayo-sobre-la-destruccio?n-de-la-experiencia.-PDF.pdf\" class=\"wp-block-file__button\" download>Descargar<\/a><\/div>\n\n\n\n<div class=\"wp-block-file\"><a href=\"https:\/\/mastor.cl\/2021\/wp-content\/uploads\/2019\/04\/Burman-Erika-La-deconstruccion-de-la-psicologia-evolutiva.-Cap-1-8-y-9.-56-pgs.-pdf.pdf\">Burman-Erika La deconstruccion de la psicologia evolutiva. 1994. Cap 1 8 y 9. 56 pgs. pdf.  Ver Burman y Parker <a href=\"https:\/\/discourseunit.com\/\">https:\/\/discourseunit.com\/. <\/a><\/a><a href=\"https:\/\/mastor.cl\/2021\/wp-content\/uploads\/2019\/04\/Burman-Erika-La-deconstruccion-de-la-psicologia-evolutiva.-Cap-1-8-y-9.-56-pgs.-pdf.pdf\" class=\"wp-block-file__button\" download>Descargar<\/a><\/div>\n\n\n\n<p>Erica Burman en Santiago. 2019. <\/p>\n\n\n\n<div class=\"wp-block-file\"><a href=\"https:\/\/mastor.cl\/2021\/wp-content\/uploads\/2019\/04\/PDF-Burman-Erica-Psicologia-del-desarollo.-Apuntes.pdf\">PDF Burman Erica Psicologia del desarollo. Apuntes<\/a><a href=\"https:\/\/mastor.cl\/2021\/wp-content\/uploads\/2019\/04\/PDF-Burman-Erica-Psicologia-del-desarollo.-Apuntes.pdf\" class=\"wp-block-file__button\" download>Descargar<\/a><\/div>\n\n\n\n<p><\/p>\n\n\n\n<div class=\"wp-block-file\"><a href=\"https:\/\/mastor.cl\/2021\/wp-content\/uploads\/2019\/04\/Mead.-Adolescencia-Sexo-y-Cultura-en-SAMOA.pdf\">Mead. Adolescencia-Sexo-y-Cultura-en-SAMOA<\/a><a href=\"https:\/\/mastor.cl\/2021\/wp-content\/uploads\/2019\/04\/Mead.-Adolescencia-Sexo-y-Cultura-en-SAMOA.pdf\" class=\"wp-block-file__button\" download>Descargar<\/a><\/div>\n\n\n\n<figure class=\"wp-block-embed-youtube wp-block-embed is-type-video is-provider-youtube wp-embed-aspect-16-9 wp-has-aspect-ratio\"><div class=\"wp-block-embed__wrapper\">\n<div class=\"nv-iframe-embed\"><iframe loading=\"lazy\" title=\"Doctorado en Psicolog\u00eda - Charla Erica Burman\" width=\"1200\" height=\"675\" src=\"https:\/\/www.youtube.com\/embed\/o8BM5F6nZO8?feature=oembed\" frameborder=\"0\" allow=\"accelerometer; autoplay; clipboard-write; encrypted-media; gyroscope; picture-in-picture; web-share\" allowfullscreen><\/iframe><\/div>\n<\/div><\/figure>\n\n\n\n<p><a href=\"https:\/\/mega.nz\/#!rUFUELBa!TPz9hhBH3mXzKZ0GYlBL4zTkBzns53wdfPqqEY26zXc\">Carnage. Un Dios Salvaje (2011). Roman Polansky<\/a>. Pel\u00edcula a Descargar. <\/p>\n\n\n\n<div class=\"wp-block-file\"><a href=\"https:\/\/mastor.cl\/2021\/wp-content\/uploads\/2019\/04\/Papalia-y-Otros-2009-psicologia-del-desarrollo.-Mac-GrawHill.-pdf.pdf\">Papalia y Otros (2009) psicologia del desarrollo. Mac GrawHill. pdf<\/a><a href=\"https:\/\/mastor.cl\/2021\/wp-content\/uploads\/2019\/04\/Papalia-y-Otros-2009-psicologia-del-desarrollo.-Mac-GrawHill.-pdf.pdf\" class=\"wp-block-file__button\" download>Descargar<\/a><\/div>\n\n\n\n<p><\/p>\n","protected":false},"excerpt":{"rendered":"<p>Los siguientes recursos se encuentran aqu\u00ed agrupados para pensar esta pregunta, disponibles con fines sociales y acad\u00e9micos no comerciales. Reflexionar en forma cr\u00edtica las bases epistemol\u00f3gicas y conceptuales que conforman las teor\u00edas sobre el llamado \u00abdesarrollo\u00bb humano implica escuchar diversas contribuciones. Nos parece que las que aqu\u00ed referimos han sido sumamente valiosas. Luterau Luciano. El&hellip;&nbsp;<a href=\"https:\/\/mastor.cl\/2021\/que-es-ser-nina-o\/\" rel=\"bookmark\">Leer m\u00e1s &raquo;<span class=\"screen-reader-text\">Qu\u00e9 es ser ni\u00f1a\/o<\/span><\/a><\/p>\n","protected":false},"author":2,"featured_media":0,"parent":0,"menu_order":0,"comment_status":"closed","ping_status":"closed","template":"","meta":{"neve_meta_sidebar":"","neve_meta_container":"","neve_meta_enable_content_width":"","neve_meta_content_width":0,"neve_meta_title_alignment":"","neve_meta_author_avatar":"","neve_post_elements_order":"","neve_meta_disable_header":"","neve_meta_disable_footer":"","neve_meta_disable_title":"","footnotes":""},"class_list":["post-3661","page","type-page","status-publish","hentry"],"_links":{"self":[{"href":"https:\/\/mastor.cl\/2021\/wp-json\/wp\/v2\/pages\/3661","targetHints":{"allow":["GET"]}}],"collection":[{"href":"https:\/\/mastor.cl\/2021\/wp-json\/wp\/v2\/pages"}],"about":[{"href":"https:\/\/mastor.cl\/2021\/wp-json\/wp\/v2\/types\/page"}],"author":[{"embeddable":true,"href":"https:\/\/mastor.cl\/2021\/wp-json\/wp\/v2\/users\/2"}],"replies":[{"embeddable":true,"href":"https:\/\/mastor.cl\/2021\/wp-json\/wp\/v2\/comments?post=3661"}],"version-history":[{"count":0,"href":"https:\/\/mastor.cl\/2021\/wp-json\/wp\/v2\/pages\/3661\/revisions"}],"wp:attachment":[{"href":"https:\/\/mastor.cl\/2021\/wp-json\/wp\/v2\/media?parent=3661"}],"curies":[{"name":"wp","href":"https:\/\/api.w.org\/{rel}","templated":true}]}}