{"id":4288,"date":"2020-05-21T16:29:36","date_gmt":"2020-05-21T16:29:36","guid":{"rendered":"https:\/\/mastor.cl\/blog\/?page_id=4288"},"modified":"2020-05-21T16:29:36","modified_gmt":"2020-05-21T16:29:36","slug":"enfoque-biografico","status":"publish","type":"page","link":"https:\/\/mastor.cl\/2021\/enfoque-biografico\/","title":{"rendered":"Enfoque Biogr\u00e1fico"},"content":{"rendered":"\n<p><strong>Para pensar lo biogr\u00e1fico.<\/strong><\/p>\n\n\n\n<p>En lo que sigue apuntaremos algunos elementos del enfoque (referencias bibliogr\u00e1ficas y documentales), entendiendo que la narraci\u00f3n de la historia de una vida, o parte de ella, como estrategia metodol\u00f3gica ha sido reconocida como un lugar privilegiado para explorar preguntas que intentan articular experiencias subjetivas y pr\u00e1cticas sociales (Sharim, 2001; Cornejo, 2006; Cornejo, Mendoza &amp; Rojas, 2008; Bernasconi, 2011).<\/p>\n\n\n\n<p>El relato de vida aparece del todo pertinente no s\u00f3lo como una metodolog\u00eda sino como un enfoque que tiene por foco la historia vivida a trav\u00e9s de un relato que surge a petici\u00f3n de un investigador. Siendo el relato, el resultado de una forma particular de entrevista (narrativa) concentrada en la experiencia. Lo que aporta un relato de vida es la dimensi\u00f3n diacr\u00f3nica de tal experiencia, una l\u00f3gica de acci\u00f3n dentro de un desarrollo biogr\u00e1fico, constituyendo relatos de pr\u00e1cticas en situaci\u00f3n que a su vez permiten hallar la estructura diacr\u00f3nica de la historia reconstruida (Bertaux, 2005).<\/p>\n\n\n\n<p><\/p>\n\n\n\n<p><strong>El relato de vida y el Biograma Sociocl\u00ednico<\/strong>.<\/p>\n\n\n\n<div class=\"wp-block-image\"><figure class=\"aligncenter size-large\"><img loading=\"lazy\" decoding=\"async\" width=\"1017\" height=\"745\" src=\"https:\/\/mastor.cl\/2021\/wp-content\/uploads\/2020\/06\/Biograma-Socioclinico.png\" alt=\"\" class=\"wp-image-4427\" srcset=\"https:\/\/mastor.cl\/2021\/wp-content\/uploads\/2020\/06\/Biograma-Socioclinico.png 1017w, https:\/\/mastor.cl\/2021\/wp-content\/uploads\/2020\/06\/Biograma-Socioclinico-300x220.png 300w, https:\/\/mastor.cl\/2021\/wp-content\/uploads\/2020\/06\/Biograma-Socioclinico-768x563.png 768w, https:\/\/mastor.cl\/2021\/wp-content\/uploads\/2020\/06\/Biograma-Socioclinico-410x300.png 410w\" sizes=\"auto, (max-width: 1017px) 100vw, 1017px\" \/><figcaption><br>Ejemplo: <span class=\"has-inline-color has-vivid-cyan-blue-color\">La reconstrucci\u00f3n de Hitos, a partir de la herramienta <strong>Biograma Sociocl\u00ednico<\/strong>, permite pensar un an\u00e1lisis especifico de las consecuencias de la organizaci\u00f3n del trabajo sobre el sufrimiento y&nbsp; salud mental de los trabajadores de la instituci\u00f3n.<\/span> Ver MAstorga, 2019.<\/figcaption><\/figure><\/div>\n\n\n\n<p><strong>El uso de fuentes. <\/strong>En Neurosis de Clase (1986), De Gaulejac utiliza el trabajo de Annie Ernaux, escritora francesa para ilustrar su tesis sobre el conflicto ps\u00edquico en los procesos de movilidad social.  Ver <a href=\"https:\/\/mega.nz\/#!bY0yVAoa!a5C6g0o0T2C-5_FjeSrGT4DwY0IWib87NBX2SdBDwcM\">18 pgs<\/a> del an\u00e1lisis de De Gaulejac en funci\u00f3n del texto  \u00abLos armarios vac\u00edos\u00bb (1974) y \u00abEl lugar\u00bb (1983). En el extracto vemos la culpa, el odio, el descubrimiento de las clases sociales. <\/p>\n\n\n\n<p><\/p>\n\n\n\n<p><strong>Una entrevista a esta Annie Ernaux podemos encontrarla en el siguiente link. Nov<\/strong><a href=\"https:\/\/www.letraslibres.com\/espana-mexico\/revista\/entrevista-annie-ernaux-no-es-posible-contar-una-vida-sin-abordar-la-parte-politica\">https:\/\/www.letraslibres.com\/espana-mexico\/revista\/entrevista-annie-ernaux-no-es-posible-contar-una-vida-sin-abordar-la-parte-politica<\/a><strong> 2019.<\/strong><\/p>\n\n\n\n<p>\u00abQuer\u00eda integrar una vida, la m\u00eda, sin entrar en los detalles psicol\u00f3gicos, mi recorrido vital, en el interior de la historia general de Francia desde el momento en que tengo uso de raz\u00f3n, es decir, desde los cuatro o cinco a\u00f1os, hasta hoy. No sab\u00eda d\u00f3nde se encontrar\u00eda hoy esa vida, as\u00ed que segu\u00ed hasta el final. Cuando llegara al final, quer\u00eda que estuvieran juntas la vida y la historia. Ese era el proyecto. Y era diferente del proyecto autobiogr\u00e1fico habitual en el que se cuenta la vida propia y aparece el mundo que est\u00e1 alrededor. En mi caso es el mundo y mi vida en el interior, indisociables en cierto modo\u00bb. A. Ernaux.<\/p>\n\n\n\n<p>Sobre <strong>La fotograf\u00eda.<\/strong><\/p>\n\n\n\n<p>\u00abLa foto es muy elocuente sociol\u00f3gicamente, da informaci\u00f3n sobre el cuerpo, sobre la postura, sobre la decoraci\u00f3n, sobre c\u00f3mo se vest\u00eda\u2026 es al mismo tiempo un signo del tiempo y un signo metaf\u00edsico, porque siempre es el pasado\u00bb. A. Ernaux.<\/p>\n\n\n\n<figure class=\"wp-block-image size-large\"><img loading=\"lazy\" decoding=\"async\" width=\"1024\" height=\"549\" src=\"https:\/\/mastor.cl\/2021\/wp-content\/uploads\/2020\/06\/Captura-de-pantalla-2020-06-25-a-las-2.14.55-1024x549.png\" alt=\"\" class=\"wp-image-4422\" srcset=\"https:\/\/mastor.cl\/2021\/wp-content\/uploads\/2020\/06\/Captura-de-pantalla-2020-06-25-a-las-2.14.55-1024x549.png 1024w, https:\/\/mastor.cl\/2021\/wp-content\/uploads\/2020\/06\/Captura-de-pantalla-2020-06-25-a-las-2.14.55-300x161.png 300w, https:\/\/mastor.cl\/2021\/wp-content\/uploads\/2020\/06\/Captura-de-pantalla-2020-06-25-a-las-2.14.55-768x411.png 768w, https:\/\/mastor.cl\/2021\/wp-content\/uploads\/2020\/06\/Captura-de-pantalla-2020-06-25-a-las-2.14.55-500x268.png 500w, https:\/\/mastor.cl\/2021\/wp-content\/uploads\/2020\/06\/Captura-de-pantalla-2020-06-25-a-las-2.14.55.png 1316w\" sizes=\"auto, (max-width: 1024px) 100vw, 1024px\" \/><figcaption>Un registro de la serie \u00abSeven UP\u00bb. BBC de Londres.<\/figcaption><\/figure>\n\n\n<p><strong>Un documento hist\u00f3rico biogr\u00e1fico.<\/strong><\/p>\n<p>La serie Seven Up (1964) originada por Granada Tv y luego continuada por la BBC a trav\u00e9s del trabajo de Michael Apted, es un Documental que reuni\u00f3 en su origen a 14 ni\u00f1os de diferentes sectores socio-econ\u00f3micos de la sociedad brit\u00e1nica, que contaban todos en dicha \u00e9poca con 7 a\u00f1os de edad. A lo largo de casi 60 a\u00f1os, los cap\u00edtulos tratan de entrevistas cada 7 a\u00f1os aprox. a tales participantes: 1970, 1978, 1984, 1991 (hasta aqu\u00ed con subtitulos),.. 2019.<\/p>\n<p><div class=\"nv-iframe-embed\"><iframe loading=\"lazy\" title=\"35 Up - The Up Series (Quinto Episodio) subtitulado al espa\u00f1ol 1991\" width=\"1200\" height=\"900\" src=\"https:\/\/www.youtube.com\/embed\/h85cVemZOfs?feature=oembed\" frameborder=\"0\" allow=\"accelerometer; autoplay; clipboard-write; encrypted-media; gyroscope; picture-in-picture\" allowfullscreen><\/iframe><\/div><\/p>\n<p><div class=\"nv-iframe-embed\"><iframe loading=\"lazy\" title=\"Seven Up! - The Up Series (Primer Episodio) subtitulado al espa\u00f1ol 1964\" width=\"1200\" height=\"900\" src=\"https:\/\/www.youtube.com\/embed\/dwfyPcnQvWA?feature=oembed\" frameborder=\"0\" allow=\"accelerometer; autoplay; clipboard-write; encrypted-media; gyroscope; picture-in-picture\" allowfullscreen><\/iframe><\/div><\/p>\n\n\n<p>La hip\u00f3tesis original de Seven Up! es que la estructura de clases es tan fuerte en el Reino Unido que el camino de vida de una persona se establecer\u00eda al nacer.<\/p>\n\n\n\n<figure class=\"wp-block-image size-large\"><img loading=\"lazy\" decoding=\"async\" width=\"502\" height=\"459\" src=\"https:\/\/mastor.cl\/2021\/wp-content\/uploads\/2020\/06\/Captura-de-pantalla-2020-06-18-a-las-17.28.11.png\" alt=\"\" class=\"wp-image-4417\" srcset=\"https:\/\/mastor.cl\/2021\/wp-content\/uploads\/2020\/06\/Captura-de-pantalla-2020-06-18-a-las-17.28.11.png 502w, https:\/\/mastor.cl\/2021\/wp-content\/uploads\/2020\/06\/Captura-de-pantalla-2020-06-18-a-las-17.28.11-300x274.png 300w, https:\/\/mastor.cl\/2021\/wp-content\/uploads\/2020\/06\/Captura-de-pantalla-2020-06-18-a-las-17.28.11-328x300.png 328w\" sizes=\"auto, (max-width: 502px) 100vw, 502px\" \/><figcaption>Ver: <a href=\"https:\/\/en.wikipedia.org\/wiki\/Up_(film_series)\">https:\/\/en.wikipedia.org\/wiki\/Up_(film_series)<\/a><\/figcaption><\/figure>\n\n\n\n<p><strong>Un diario de vida.<\/strong><\/p>\n\n\n\n<p>Extracto de la hoy antrop\u00f3loga Francisca Marquez.<\/p>\n\n\n\n<figure class=\"wp-block-embed-youtube wp-block-embed is-type-video is-provider-youtube wp-embed-aspect-16-9 wp-has-aspect-ratio\"><div class=\"wp-block-embed__wrapper\">\n<div class=\"nv-iframe-embed\"><iframe loading=\"lazy\" title=\"El diario de Francisca  12 a\u00f1os (1973).  6 minutos\" width=\"1200\" height=\"675\" src=\"https:\/\/www.youtube.com\/embed\/dM8bNEA48PE?feature=oembed\" frameborder=\"0\" allow=\"accelerometer; autoplay; clipboard-write; encrypted-media; gyroscope; picture-in-picture\" allowfullscreen><\/iframe><\/div>\n<\/div><\/figure>\n\n\n\n<p><\/p>\n\n\n\n<p><\/p>\n\n\n\n<figure class=\"wp-block-embed-wordpress wp-block-embed is-type-wp-embed is-provider-wordpress\"><div class=\"wp-block-embed__wrapper\">\nhttps:\/\/mastor.cl\/blog\/2017\/03\/historias-de-vida-bibliografias-imprescindibles\/\n<\/div><\/figure>\n\n\n\n<figure class=\"wp-block-embed-wordpress wp-block-embed is-type-wp-embed is-provider-wordpress\"><div class=\"wp-block-embed__wrapper\">\nhttps:\/\/mastor.cl\/blog\/2017\/10\/etnografias-y-autoetnografias\/\n<\/div><\/figure>\n\n\n\n<figure class=\"wp-block-embed-wordpress wp-block-embed is-type-wp-embed is-provider-wordpress\"><div class=\"wp-block-embed__wrapper\">\nhttps:\/\/mastor.cl\/blog\/2017\/02\/sociologia-clinica-teoria-y-accion-social\/\n<\/div><\/figure>\n\n\n\n<figure class=\"wp-block-embed-wordpress wp-block-embed is-type-wp-embed is-provider-wordpress\"><div class=\"wp-block-embed__wrapper\">\nhttps:\/\/mastor.cl\/blog\/2016\/09\/simposio-tas-2016\/\n<\/div><\/figure>\n\n\n\n<figure class=\"wp-block-embed-wordpress wp-block-embed is-type-wp-embed is-provider-wordpress\"><div class=\"wp-block-embed__wrapper\">\nhttps:\/\/mastor.cl\/blog\/2019\/04\/cuidese-mucho-expo-de-sophie-calle\/\n<\/div><\/figure>\n\n\n\n<figure class=\"wp-block-embed-wordpress wp-block-embed is-type-wp-embed is-provider-wordpress\"><div class=\"wp-block-embed__wrapper\">\nhttps:\/\/mastor.cl\/blog\/2014\/04\/una-sociologia-para-los-individuos\/\n<\/div><\/figure>\n\n\n\n<figure class=\"wp-block-embed-wordpress wp-block-embed is-type-wp-embed is-provider-wordpress\"><div class=\"wp-block-embed__wrapper\">\nhttps:\/\/mastor.cl\/blog\/2017\/02\/antecedentes-de-soc-clinica-rene-lourau-george-devereux-anzieu-kaes\/\n<\/div><\/figure>\n\n\n\n<figure class=\"wp-block-embed-wordpress wp-block-embed is-type-wp-embed is-provider-wordpress\"><div class=\"wp-block-embed__wrapper\">\nhttps:\/\/mastor.cl\/blog\/2018\/06\/implicacion-en-ciencias-sociales-ni-miopia-ni-presbicia\/\n<\/div><\/figure>\n\n\n\n<p><\/p>\n\n\n\n<figure class=\"wp-block-embed-wordpress wp-block-embed is-type-wp-embed is-provider-wordpress\"><div class=\"wp-block-embed__wrapper\">\nhttps:\/\/mastor.cl\/blog\/2012\/02\/conversando-sobre-el-proyecto-de-lola-arias-el-ano-en-que-naci\/\n<\/div><\/figure>\n","protected":false},"excerpt":{"rendered":"<p>Para pensar lo biogr\u00e1fico. En lo que sigue apuntaremos algunos elementos del enfoque (referencias bibliogr\u00e1ficas y documentales), entendiendo que la narraci\u00f3n de la historia de una vida, o parte de ella, como estrategia metodol\u00f3gica ha sido reconocida como un lugar privilegiado para explorar preguntas que intentan articular experiencias subjetivas y pr\u00e1cticas sociales (Sharim, 2001; Cornejo,&hellip;&nbsp;<a href=\"https:\/\/mastor.cl\/2021\/enfoque-biografico\/\" rel=\"bookmark\">Leer m\u00e1s &raquo;<span class=\"screen-reader-text\">Enfoque Biogr\u00e1fico<\/span><\/a><\/p>\n","protected":false},"author":2,"featured_media":0,"parent":0,"menu_order":0,"comment_status":"closed","ping_status":"closed","template":"","meta":{"neve_meta_sidebar":"","neve_meta_container":"","neve_meta_enable_content_width":"","neve_meta_content_width":0,"neve_meta_title_alignment":"","neve_meta_author_avatar":"","neve_post_elements_order":"","neve_meta_disable_header":"","neve_meta_disable_footer":"","neve_meta_disable_title":"","footnotes":""},"class_list":["post-4288","page","type-page","status-publish","hentry"],"_links":{"self":[{"href":"https:\/\/mastor.cl\/2021\/wp-json\/wp\/v2\/pages\/4288","targetHints":{"allow":["GET"]}}],"collection":[{"href":"https:\/\/mastor.cl\/2021\/wp-json\/wp\/v2\/pages"}],"about":[{"href":"https:\/\/mastor.cl\/2021\/wp-json\/wp\/v2\/types\/page"}],"author":[{"embeddable":true,"href":"https:\/\/mastor.cl\/2021\/wp-json\/wp\/v2\/users\/2"}],"replies":[{"embeddable":true,"href":"https:\/\/mastor.cl\/2021\/wp-json\/wp\/v2\/comments?post=4288"}],"version-history":[{"count":0,"href":"https:\/\/mastor.cl\/2021\/wp-json\/wp\/v2\/pages\/4288\/revisions"}],"wp:attachment":[{"href":"https:\/\/mastor.cl\/2021\/wp-json\/wp\/v2\/media?parent=4288"}],"curies":[{"name":"wp","href":"https:\/\/api.w.org\/{rel}","templated":true}]}}